 + 11*d**2 + 0. Calculate y(j).
5
Let w(t) = t**2 + 7*t + 7. Suppose 2*z + 0*v - 2*v = 0, -21 = -5*z - 2*v. Let i = z - -3. Let b be i/(-4)*(-10)/(-3). What is w(b)?
-3
Let o = 0 + 0. Let n(l) be the third derivative of -l**5/60 - l**4/24 + l**3 + 72*l**2 - l. Calculate n(o).
6
Let v(w) be the second derivative of 0*w**3 + 1/2*w**2 - 18*w + 0 - 2/3*w**4. Calculate v(-1).
-7
Let g(x) = -x**2 + 5*x + 21. Let d be g(7). Suppose 5*y - 10 = 5*j - 2*j, y = 3*j - 10. Let w(s) = -6 - y - 5 + s. Determine w(d).
-9
Let g(k) = k**3 + 4*k**2 - 13*k - 6. Let n be g(-6). Suppose n = -3*q - 6*q - 9. Let t(i) = i**2 - 1. What is t(q)?
0
Let y(j) = -j**2 + 7*j + 14. Let u be y(7). Suppose -3*n = 5*k - 41, -u*n + 15 = -9*n - 5*k. Let v(i) = -1 - i**3 - 6*i**2 + 2*i**3 + 2 - 7*i. Determine v(n).
1
Let r = -3 + 3. Let o(n) = 8*n**2 - 7*n**2 + 7*n**3 - 8*n**3 + 2*n**3. Give o(r).
0
Suppose m + m - 3 = d, -2*d + 9 = m. Let r(z) = 7*z**2 + 3*z - 11. Let o(k) = -3*k**2 - k + 5. Let f(u) = 5*o(u) + 2*r(u). What is f(m)?
-3
Let v(m) be the second derivative of m**5/60 + 7*m**4/24 - m**3/3 - 19*m**2/2 - 24*m. Let p(o) be the second derivative of v(o). What is p(-4)?
-1
Let u(f) = f**3 - 2*f**2 + f - 1. Let a(v) = -v**3 - 3*v**2 + 8*v + 5. Let h be (1 + 6 + -2)/(-1). Let j be a(h). Suppose -6*y = -j - 3. Give u(y).
11
Let h(j) be the first derivative of j**3/3 + 15*j**2/2 + 16*j - 214. Give h(-11).
-28
Let t(z) = -14*z**2 - 16*z + 9. Let m(d) = 9*d**2 + 14*d - 8. Let f(o) = 6*m(o) + 4*t(o). Determine f(10).
-12
Let y(f) = 15*f - 3*f - 5*f + 5*f - 3 + 6. Give y(-1).
-9
Let n(f) = -f**3 + 3*f**2 + f - 2. Let c be 18/(-12)*8/(-6). Suppose -c + 26 = 6*o. What is n(o)?
-14
Let c(u) = 2*u - 8. Let y(a) = -5*a + 22. Let k(q) = -8*c(q) - 3*y(q). Give k(-7).
5
Let i be (-2)/7 - 4/(-14). Let g(d) = -5 - 19*d + 18*d + d**3 - 2*d**3 + 3*d**2 - 4*d**2 + 0*d**3. What is g(i)?
-5
Let p(m) = m**2 - 1. Let f be (-186)/(-30) + (-2)/10. Let i(a) = -5*a**2 + 4*a + 11. Let n(r) = f*p(r) + i(r). What is n(-5)?
10
Let a(d) be the third derivative of d**6/120 + d**5/20 + d**4/8 - d**3/2 - 245*d**2. Calculate a(-3).
-12
Let r(v) be the first derivative of -2*v**2 + 2*v - 8. Let l(p) = 5*p - 3. Let g(w) = 3*l(w) + 4*r(w). What is g(-4)?
3
Suppose 4*z + 19 = -3*m, 18*z = -3*m + 13*z - 20. Let q(d) be the third derivative of d**6/120 + d**5/12 + d**4/24 + 7*d**3/6 + 2*d**2. Calculate q(m).
2
Let s be (3/9)/(100/24 - 4). Let r(a) = -4 - 2 - 7 - a**s + 3*a + 12. Calculate r(3).
-1
Let a = 57 + -49. Suppose 8*w - a = 12*w. Let u(p) = -5*p**2 - p - 2. Calculate u(w).
-20
Let j = 25 + -22. Suppose 12 = j*q - q. Let b(n) = n - 12. Let d(m) = 1. Let t(k) = -b(k) - 4*d(k). Calculate t(q).
2
Let c(f) = -5*f + 2. Let p(t) be the third derivative of 5/24*t**4 - 4*t**2 + 0 - 1/60*t**5 - 2/3*t**3 + 0*t. Let u be p(3). Determine c(u).
-8
Let y = -64 + 66. Let p(c) = -6*c**2 - 2 - y*c**3 + c**3 - 6 + c + 2. Calculate p(-6).
-12
Let f(w) be the second derivative of -w**3/2 + 7*w**2/2 + 7*w + 9. Suppose -2*l = -l - 2. Suppose l*m - 4 = 6. What is f(m)?
-8
Let i(u) be the second derivative of u**4/12 - 5*u**3/6 - 5*u**2/2 - 33*u + 10. Suppose 3*y = 4*h - 0*y - 20, 2*y + 10 = 2*h. Calculate i(h).
-5
Let g(u) = -4*u - 16. Let a be g(-8). Let s = 18 - a. Let r(y) = y. What is r(s)?
2
Let c = 17 + -13. Suppose 2*g - 7 = -z, -g + 2*g = c*z + 8. Suppose -2*v + 2*k = 10, -g*v + 2 = -2*v + 4*k. Let r(l) = l**3 + 5*l**2 + l - 3. Determine r(v).
12
Let b(m) = m**2 + 9*m + 5. Let r(t) = t + 1. Let s(x) = -b(x) - r(x). Calculate s(-10).
-6
Let u(m) = m**3 - 4*m**2 + 3*m - 3. Suppose -g - 2*r + 31 = 0, 2*g - 10 = 3*r + 80. Let x be (0 - 6)/(g/(-26)). Suppose x = 4*z - 8. Give u(z).
-3
Suppose -2*n = -2*b - 6, 2*n + 3*b + 0*b - 6 = 0. Let r(k) = 0 + k**n + 8*k**2 + 3 - 2. Let v = -179 - -171. What is r(v)?
1
Let m(f) = 7*f**2 + 90*f - 4. Let d be m(-13). Let a(g) = -g**2 + 6*g + 16. What is a(d)?
-11
Let a(k) be the second derivative of -1/12*k**4 - 1/3*k**3 + 2*k**2 + 0 - 24*k. Give a(-4).
-4
Let x(o) be the second derivative of o**4/12 - 3*o**3 + 7*o. Let s be x(18). Let w(z) = -z**2 - 8. What is w(s)?
-8
Let w = -53 + 48. Let c(k) = -2*k**3 + 3*k**2 + 13*k + 6. Let o(m) = -m**3 + 2*m**2 + 6*m + 3. Let j(i) = w*o(i) + 2*c(i). Calculate j(5).
2
Let k(z) = -1 - 4*z**2 + 5*z + z**2 + 2*z**2. Let u(s) = -5*s**3 - 5 + 2*s**3 - 8*s + 10*s**2 + 0*s**3 + 2*s**3. Let v be u(9). Determine k(v).
3
Let u(o) = -3*o + 0*o**2 + 5*o + 4*o**3 - 3*o**3 - 5*o**2 + 1. Let r be u(4). Let v(x) = 230*x + x**3 - 223*x - 2*x**2 + 10*x**2 + 3. What is v(r)?
3
Let j(b) = -16*b**2 - 18*b**2 - 27*b**2 - b + 44*b**2. Calculate j(-1).
-16
Let k(v) = 1 + 15*v - 13*v + 3*v. Calculate k(-1).
-4
Suppose 0 = -4*r + 7*j - 67, -36*r - 52 = -32*r - 4*j. Let h(u) = -u**3 - 7*u**2 + 10*u + 10. Give h(r).
-6
Let z(m) be the second derivative of -m**4/12 - 2*m**3/3 + 3*m**2/2 + 62*m. Calculate z(-4).
3
Suppose -p + 1 - 7 = 3*t, 4*t + 18 = 2*p. Let j be -4 + (0 + 1)*(p + -4). Let k(w) = -w**2 - 6*w + 2. Calculate k(j).
7
Suppose -2 = -3*m + 7. Suppose m*i + 13 = 4. Let k(p) = p**2 + 3*p - 1. Give k(i).
-1
Let d(r) = -24*r**3 - 19*r**2 - 4*r + 17. Let k(i) = -11*i**3 - 9*i**2 - 2*i + 8. Let j(q) = -6*d(q) + 13*k(q). Calculate j(3).
-4
Let w = 12 - 9. Suppose j + g = -2, -2*g = w*j + 2*g + 8. Suppose 20 = -j*f - 4*f. Let c(m) = m**3 + 4*m**2 - 5*m + 3. What is c(f)?
3
Let c(z) = -9*z - 52. Let s(f) = 4*f + 26. Let l(o) = -2*c(o) - 5*s(o). Determine l(-11).
-4
Let o(u) be the second derivative of 0 + 0*u**2 - 2/3*u**3 + 2*u - 1/24*u**4 - 1/40*u**5. Let i(w) be the second derivative of o(w). Calculate i(5).
-16
Let i(p) = p - 8. Suppose -2*y - 5*r + 10 = 0, -5*y - 5*r = -0*r - 25. What is i(y)?
-3
Let f(q) be the third derivative of -q**6/120 + q**5/5 - 3*q**4/8 - 3*q**3/2 + 171*q**2. Determine f(11).
13
Let j be (-4 - -2)/2*0. Suppose -4*k = -j + 8. Let o(z) = z - 3*z + 0*z**2 - 2*z**2 - 1. Determine o(k).
-5
Suppose -18 = 5*j + 4*q, 5 = j - 2*q + 3. Let x(c) = 140 + c**3 + 130 - 272 - 3*c**2 - 4*c. Determine x(j).
-14
Let j = -666 - -669. Let x(p) be the second derivative of -p**4/6 + 2*p**3/3 - 2*p. Calculate x(j).
-6
Let x(c) be the third derivative of 1/120*c**6 - 7/60*c**5 + 3*c**2 + 0*c + 7/24*c**4 + 1/2*c**3 + 0. Calculate x(6).
9
Suppose y = 5*a + 20, -12 = 3*a - 3*y + 7*y. Let c(j) = -j**2 - 6*j - 6. Determine c(a).
2
Let v(o) = 8*o**2 + o. Let a(j) = -17*j**2 + 4*j - 3. Let h(m) = a(m) + 2*v(m). What is h(3)?
6
Let h(z) = -9*z + 33*z - 21*z - 2. Let a = 2 + -6. Determine h(a).
-14
Let c(k) be the third derivative of k**4/8 + k**3/6 - 12*k**2. Let q(b) = 3*b + 2. Let d(t) = -2*c(t) + 3*q(t). Calculate d(-3).
-5
Let k(p) = 54*p**2 - p - 2. Let o(z) = 79*z**2 - z - 3. Let v(g) = 7*k(g) - 5*o(g). Calculate v(1).
-18
Suppose 4*t - 30 + 6 = 0. Let x(v) = -3*v - 4 + t*v**2 - 7*v**2 + v**2 + v**2. What is x(3)?
-4
Let n = 24 - 18. Let d(j) = 6 - 5*j**3 - n*j**3 + 10*j**3 + 5*j**2 - 7*j. Suppose 10*o - 15*o + 20 = 0. Determine d(o).
-6
Suppose -4*w - 32 = 4*p, -2*p = -2*w - 3*p - 13. Let h(i) = 3*i**2 - 10*i + 8. Let d(v) = -5*v**2 + 15*v - 12. Let z(a) = -5*d(a) - 8*h(a). Determine z(w).
-4
Let c = 9 + -3. Let d(q) = q - 14*q + q + c*q. Let p = -27 - -28. Give d(p).
-6
Suppose -2*m - 7 = -5*a, -m - 4*m = -3*a - 11. Let j(p) = 3*p + 0*p - m*p. Suppose 0 = 5*k - 8*k + 4*s + 4, 0 = s - 2. What is j(k)?
-4
Let u = -13 - -24. Let p = u - 8. Let r(q) = q + 1. Let n(y) = -2*y - 10. Let k(h) = p*r(h) + n(h). What is k(5)?
-2
Let p(s) = 4*s**3 - 20*s**2 - 16*s - 8. Let q(o) = 3*o**3 - 19*o**2 - 16*o - 7. Let u(f) = 4*p(f) - 5*q(f). Give u(-14).
-25
Let v(t) = 2*t**3 + 10*t**2 + t + 10. Let s(c) = 5*c**3 + 19*c**2 + 2*c + 22. Let y(p) = 3*s(p) - 7*v(p). Determine y(13).
-17
Let d(w) be the third derivative of w**4/24 - w**3 + w**2. Suppose -v + 1 = -5. Determine d(v).
0
Let s = -630 + 628. Let k(c) = -6*c + 5. Give k(s).
17
Let o(k) = -k + 3. Let c be (3 + (-28)/8)*-4. Suppose -2 = -p + c. Calculate o(p).
-1
Suppose 0 = 3*g + 15 + 9. Let v(q) be the third derivative of -q**6/120 - 7*q**5/60 + 5*q**4/12 + q**3/6 - 14*q**2 + 2. Give v(g).
-15
Let r be (0 - -11)*(1 - 0). Suppose 13 = 4*s - 7, -r = -m - s. Let v(p) = -7*p - 7. Let f(g) = 4*g + 1. Let h(b) = 2*f(b) + v(b). Calculat